factor of 343 and 32438?
49
What is the highest common factor of 32 and 170897072?
16
Calculate the highest common divisor of 542978 and 138.
2
What is the greatest common divisor of 301148 and 13351?
79
Calculate the highest common divisor of 46914 and 8058038.
2234
Calculate the greatest common divisor of 493619 and 809662.
1057
What is the greatest common divisor of 19855134 and 572?
26
Calculate the highest common factor of 24283891 and 83.
83
Calculate the highest common factor of 7096 and 18501046.
1774
What is the greatest common divisor of 128133 and 58144?
23
Calculate the greatest common divisor of 1395 and 26379295.
155
Calculate the highest common factor of 11571 and 457359.
609
What is the greatest common factor of 5395884635 and 1145?
1145
What is the greatest common factor of 3864305 and 1177?
107
What is the highest common factor of 2468595003 and 21?
21
What is the highest common divisor of 203406 and 10614?
174
Calculate the highest common factor of 3030 and 75682330.
1010
Calculate the greatest common divisor of 22 and 80013901.
11
Calculate the highest common factor of 2940 and 11250204.
588
Calculate the greatest common divisor of 950706 and 14562.
18
What is the greatest common divisor of 17 and 142217903?
17
What is the greatest common factor of 214225250 and 750?
250
Calculate the greatest common factor of 4800 and 239693760.
960
What is the highest common divisor of 15690 and 28170?
30
What is the greatest common divisor of 14 and 111037304?
14
What is the greatest common divisor of 39168 and 14684?
4
What is the highest common factor of 230 and 693120410?
230
What is the greatest common divisor of 100578226 and 63?
7
What is the greatest common factor of 1448 and 2385432?
8
What is the highest common divisor of 207178020 and 216?
108
Calculate the highest common factor of 15205761 and 914.
457
Calculate the greatest common factor of 63959597 and 573.
191
Calculate the highest common factor of 285 and 7452351.
57
What is the greatest common factor of 108806530 and 28?
14
Calculate the greatest common factor of 274 and 14648177.
137
Calculate the greatest common factor of 134375 and 14491.
43
Calculate the greatest common factor of 5810710 and 1010.
10
Calculate the highest common factor of 112 and 1306396168.
56
Calculate the greatest common divisor of 6276 and 3014304.
12
Calculate the greatest common divisor of 3267 and 2204199.
27
What is the greatest common divisor of 1861 and 23521179?
1861
Calculate the greatest common divisor of 309896002 and 4953.
1651
Calculate the highest common divisor of 4 and 5055224.
4
What is the greatest common factor of 538 and 1227000729?
269
What is the greatest common divisor of 143572340 and 20?
20
What is the greatest common divisor of 19791 and 900857?
733
Calculate the highest common factor of 1170 and 302189160.
390
What is the greatest common divisor of 10528 and 21543296?
1504
Calculate the highest common factor of 19360 and 194641568.
3872
Calculate the greatest common divisor of 270 and 326862.
54
What is the highest common divisor of 3751 and 329871?
31
Calculate the highest common factor of 24396 and 19908.
12
Calculate the highest common factor of 125125 and 1658800.
3575
What is the highest common divisor of 324349 and 21375?
19
Calculate the greatest common divisor of 1212786 and 242193.
1821
Calculate the highest common factor of 54057 and 50523.
3
Calculate the highest common divisor of 3341 and 736827.
13
What is the greatest common factor of 15960 and 2182530?
3990
Calculate the greatest common factor of 636 and 10358214.
318
What is the highest common divisor of 6323058 and 189?
63
What is the highest common factor of 269336 and 1404320?
1048
What is the highest common factor of 1075 and 1233348575?
1075
What is the highest common divisor of 79579738 and 7672?
1918
What is the greatest common factor of 9464 and 7031570?
182
Calculate the greatest common factor of 94983215 and 805.
115
Calculate the highest common factor of 25843 and 2416621.
601
Calculate the highest common divisor of 120600 and 1410015.
1005
Calculate the greatest common factor of 1819342 and 6286.
14
Calculate the highest common factor of 93 and 337875.
3
What is the greatest common divisor of 1412876 and 16780?
3356
Calculate the highest common factor of 48439 and 143488.
59
What is the highest common factor of 306716573 and 31?
31
What is the greatest common factor of 1280599 and 1751?
103
What is the greatest common factor of 913 and 10003492?
83
Calculate the highest common factor of 2743615 and 7525.
1505
Calculate the greatest common divisor of 5544 and 811656.
72
Calculate the highest common factor of 4817585 and 2405.
185
What is the greatest common factor of 1590 and 5040618?
318
Calculate the highest common factor of 184 and 59130056.
184
What is the greatest common factor of 80 and 56541640?
40
What is the highest common divisor of 103360 and 215?
5
Calculate the greatest common factor of 11 and 41967530.
11
Calculate the greatest common factor of 59122 and 3034.
82
What is the highest common divisor of 486566 and 231256?
422
Calculate the highest common divisor of 12549 and 21291.
141
What is the greatest common divisor of 21542 and 544527905?
10771
Calculate the highest common factor of 4406388480 and 260.
260
Calculate the highest common factor of 300 and 305158650.
150
What is the greatest common factor of 976805 and 188605?
2815
What is the highest common factor of 6158 and 1499392946?
6158
What is the highest common divisor of 1299 and 136150788?
1299
Calculate the greatest common divisor of 78060 and 4412992.
5204
What is the greatest common factor of 1749850005 and 3090?
1545
Calculate the highest common divisor of 75163141 and 15757.
2251
What is the highest common factor of 9 and 40726053?
9
Calculate the greatest common divisor of 8382 and 493064.
22
Calculate the highest common divisor of 40 and 22525115.
5
Calculate the highest common factor of 55566006 and 1266.
1266
Calculate the highest common factor of 2590 and 114334810.
370
What is the highest common factor of 5628 and 1693090?
938
Calculate the greatest common divisor of 58 and 165793.
29
Calculate the highest common factor of 15932502 and 486.
18
Calculate the greatest common divisor of 93769126 and 33.
11
What is the greatest common divisor of 119810 and 8840?
10
Calculate the greatest common divisor of 9065 and 10995845.
9065
Calculate the greatest common factor of 99610 and 38605.
35
What is the highest common factor of 317304 and 162?
54
What is the greatest common divisor of 34210652 and 371?
371
What is the greatest common divisor of 181027142 and 1370?
274
What is the greatest common divisor of 1110 and 1894470?
30
What is the highest common factor of 1087 and 941?
1
Calculate the highest common divisor of 200 and 2536925.
25
Calculate the greatest common factor of 81 and 119991132.
81
Calculate the highest common factor of 44096 and 4930484.
2756
What is the greatest common divisor of 452952 and 8516616?
5592
What is the greatest common divisor of 1196 and 14783158?
598
Calculate the greatest common factor of 1859 and 5544045.
169
What is the highest common divisor of 13014 and 6588458?
482
Calculate the greatest common factor of 1499562 and 183870.
4086
What is the greatest common divisor of 14534 and 27850?
2
What is the highest common factor of 72 and 411431274?
18
What is the greatest common divisor of 641547 and 71469?
27
Calculate the greatest common factor of 469172 and 660.
44
Calculate the highest common factor of 105540596 and 371.
371
What is the highest common divisor of 2708 and 84563393?
677
What is the greatest common divisor of 83257007 and 17?
17
Calculate the greatest common divisor of 163950 and 86250.
150
Calculate the highest common factor of 308 and 313908.
28
Calculate the greatest common divisor of 3426759 and 357.
21
Calculate the highest common divisor of 40791 and 213.
3
What is the highest common factor of 415292 and 112659?
2209
Calculate the greatest common factor of 140 and 1078730.
10
What is the greatest common divisor of 46289 and 3015559?
1129
Calculate the highest common factor of 7912047 and 7293.
429
What is the highest common factor of 20540 and 10431950?
790
Cal